6341146?
6
What is the units digit of 236827772?
2
What is the hundred thousands digit of 2083890719?
8
What is the hundred thousands digit of 573234917?
2
What is the units digit of 196384772?
2
What is the thousands digit of 654298101?
8
What is the millions digit of 954504366?
4
What is the units digit of 46729503?
3
What is the tens digit of 740046255?
5
What is the thousands digit of 4798291?
8
What is the thousands digit of 132410976?
0
What is the ten thousands digit of 8695590?
9
What is the hundreds digit of 26115982?
9
What is the thousands digit of 62150033?
0
What is the hundred thousands digit of 1169619655?
6
What is the hundreds digit of 30599579?
5
What is the billions digit of 5904911436?
5
What is the millions digit of 177562404?
7
What is the units digit of 3730244322?
2
What is the hundred millions digit of 2256063080?
2
What is the thousands digit of 217156061?
6
What is the units digit of 1876018?
8
What is the ten thousands digit of 608855669?
5
What is the thousands digit of 421525175?
5
What is the ten thousands digit of 79581100?
8
What is the ten millions digit of 20933956?
2
What is the hundred thousands digit of 537845327?
8
What is the hundreds digit of 1245105967?
9
What is the hundred millions digit of 2322520362?
3
What is the thousands digit of 39241942?
1
What is the thousands digit of 61314042?
4
What is the units digit of 1909019402?
2
What is the hundred thousands digit of 1576411654?
4
What is the hundred millions digit of 116481469?
1
What is the ten thousands digit of 5352381598?
8
What is the hundred thousands digit of 83892058?
8
What is the thousands digit of 1246620537?
0
What is the units digit of 25751069?
9
What is the millions digit of 152825249?
2
What is the millions digit of 155559020?
5
What is the thousands digit of 18678913?
8
What is the thousands digit of 1382201160?
1
What is the millions digit of 140107016?
0
What is the tens digit of 85760574?
7
What is the ten millions digit of 89318654?
8
What is the units digit of 122816277?
7
What is the hundreds digit of 44196283?
2
What is the hundred millions digit of 799751645?
7
What is the tens digit of 80422668?
6
What is the hundred thousands digit of 107025291?
0
What is the millions digit of 15640382?
5
What is the hundred thousands digit of 749741380?
7
What is the billions digit of 2167690081?
2
What is the millions digit of 107819743?
7
What is the hundred thousands digit of 3656861772?
8
What is the millions digit of 1523415966?
3
What is the hundreds digit of 109294163?
1
What is the millions digit of 54997094?
4
What is the tens digit of 85361749?
4
What is the tens digit of 1308192194?
9
What is the hundred thousands digit of 37092839?
0
What is the units digit of 446296769?
9
What is the hundreds digit of 327744437?
4
What is the hundreds digit of 17936775?
7
What is the ten millions digit of 232413303?
3
What is the millions digit of 2906233509?
6
What is the ten thousands digit of 77428565?
2
What is the ten millions digit of 322674097?
2
What is the tens digit of 41789281?
8
What is the billions digit of 3398472913?
3
What is the hundreds digit of 214773387?
3
What is the ten thousands digit of 6290322278?
2
What is the tens digit of 29915289?
8
What is the ten millions digit of 13956392?
1
What is the ten thousands digit of 511596144?
9
What is the units digit of 1342146190?
0
What is the ten millions digit of 2670380867?
7
What is the ten millions digit of 4870550841?
7
What is the ten millions digit of 37394749?
3
What is the tens digit of 53651138?
3
What is the hundreds digit of 3174578771?
7
What is the millions digit of 9265511?
9
What is the thousands digit of 339688883?
8
What is the tens digit of 104168908?
0
What is the hundreds digit of 104281953?
9
What is the ten thousands digit of 1418115887?
1
What is the tens digit of 53788991?
9
What is the hundreds digit of 4709239317?
3
What is the billions digit of 3082309398?
3
What is the ten millions digit of 22986867?
2
What is the ten millions digit of 16932232?
1
What is the units digit of 49056505?
5
What is the millions digit of 134737535?
4
What is the millions digit of 1366381826?
6
What is the ten thousands digit of 300335720?
3
What is the millions digit of 1093518276?
3
What is the hundreds digit of 5257069?
0
What is the hundreds digit of 632989023?
0
What is the tens digit of 164855182?
8
What is the hundred thousands digit of 308945628?
9
What is the ten thousands digit of 154548091?
4
What is the units digit of 904915280?
0
What is the hundreds digit of 18378396?
3
What is the millions digit of 458814024?
8
What is the hundred thousands digit of 41462085?
4
What is the ten thousands digit of 492247483?
4
What is the billions digit of 3985115897?
3
What is the tens digit of 46870459?
5
What is the millions digit of 100937238?
0
What is the hundred millions digit of 2943856965?
9
What is the millions digit of 30492382?
0
What is the units digit of 6158382?
2
What is the tens digit of 65765041?
4
What is the ten millions digit of 46070547?
4
What is the thousands digit of 1579007110?
7
What is the millions digit of 280774157?
0
What is the ten millions digit of 100073192?
0
What is the units digit of 172409415?
5
What is the units digit of 990521921?
1
What is the millions digit of 18944734?
8
What is the tens digit of 104126030?
3
What is the thousands digit of 3786651266?
1
What is the ten thousands digit of 36196960?
9
What is the billions digit of 1528675241?
1
What is the millions digit of 1968950760?
8
What is the units digit of 798449672?
2
What is the tens digit of 237706919?
1
What is the tens digit of 1627571458?
5
What is the ten thousands digit of 79732242?
3
What is the billions digit of 4097873710?
4
What is the tens digit of 207915143?
4
What is the ten thousands digit of 108472602?
7
What is the hundreds digit of 540513735?
7
What is the thousands digit of 470819444?
9
What is the hundreds digit of 1402347835?
8
What is the hundred millions digit of 182899757?
1
What is the hundreds digit of 28369254?
2
What is the units digit of 96880588?
8
What is the units digit of 69140263?
3
What is the hundred millions digit of 2158319358?
1
What is the ten thousands digit of 68330339?
3
What is the hundred millions digit of 260546937?
2
What is the thousands digit of 138838123?
8
What is the thousands digit of 56675275?
5
What is the ten millions digit of 53249611?
5
What is the tens digit of 92507017?
1
What is the hundred millions digit of 2748773720?
7
What is the ten thousands digit of 63096981?
9
What is the hundred thousands digit of 159641396?
6
What is the millions digit of 75482791?
5
What is the hundred millions digit of 1834130579?
8
What is the hundreds digit of 7847066861?
8
What is the billions digit of 3362859567?
3
What is the ten thousands digit of 335574368?
7
What is the units digit of 54445289?
9
What is the millions digit of 193992596?
3
What is the tens digit of 87548633?
3
What is the ten thousands digit of 73620502?
2
What is the units digit of 1166231648?
8
What is the units digit of 18264815?
5
What is the units digit of 121659685?
5
What is the tens digit of 38700621?
2
What is the units digit of 1052687680?
0
What is the units digit of 43816731?
1
What is the units digit of 465642948?
8
What is the tens digit of 2316233118?
1
What is the ten millions digit of 52754205?
5
What is the millions digit of 23371601?
3
What is the units digit of 22892197?
7
What is the units digit of 500380160?
0
What is the tens digit of 417221540?
4
What is the ten millions digit of 1088748737?
8
What is the thousands digit of 34203179?
3
What is the hundreds digit of 97823354?
3
What is the hundred thousands digit of 7066628818?
6
What is the thousands digit of 408193574?
3
What is the hundred thousands digit of 230105972?
1
What is the ten thousands digit of 37138464?
3
What is the millions digit of 700489219?
0
What is the hundred thousands digit of 117246612?
2
What is the ten thousands digit of 108495641?
9
What is the billions digit of 1265939096?
1
What is the hundred thousands digit of 183343021?
3
What is the units digit of 40807135?
5
What is the billions digit of 2123115784?
2
What is the hundred millions digit of 424044381?
4
What